{"id":1794,"date":"2022-08-17T10:55:27","date_gmt":"2022-08-17T08:55:27","guid":{"rendered":"https:\/\/new.cidge.ch\/?page_id=1794"},"modified":"2024-03-13T20:19:35","modified_gmt":"2024-03-13T19:19:35","slug":"reglement-des-factures","status":"publish","type":"page","link":"https:\/\/cidge.ch\/?page_id=1794","title":{"rendered":"R\u00e8glement des factures"},"content":{"rendered":"\t\t<div data-elementor-type=\"wp-page\" data-elementor-id=\"1794\" class=\"elementor elementor-1794\">\n\t\t\t\t\t\t<section class=\"elementor-section elementor-top-section elementor-element elementor-element-5bbacab3 elementor-section-height-min-height elementor-section-boxed elementor-section-height-default elementor-section-items-middle\" data-id=\"5bbacab3\" data-element_type=\"section\" data-e-type=\"section\" data-settings=\"{&quot;background_background&quot;:&quot;classic&quot;}\">\n\t\t\t\t\t\t\t<div class=\"elementor-background-overlay\"><\/div>\n\t\t\t\t\t\t\t<div class=\"elementor-container elementor-column-gap-no\">\n\t\t\t\t\t<div class=\"elementor-column elementor-col-100 elementor-top-column elementor-element elementor-element-4915884\" data-id=\"4915884\" data-element_type=\"column\" data-e-type=\"column\">\n\t\t\t<div class=\"elementor-widget-wrap elementor-element-populated\">\n\t\t\t\t\t\t<div class=\"elementor-element elementor-element-48d5a19a elementor-widget elementor-widget-heading\" data-id=\"48d5a19a\" data-element_type=\"widget\" data-e-type=\"widget\" data-widget_type=\"heading.default\">\n\t\t\t\t<div class=\"elementor-widget-container\">\n\t\t\t\t\t<h1 class=\"elementor-heading-title elementor-size-default\">R\u00e8glement  des factures<\/h1>\t\t\t\t<\/div>\n\t\t\t\t<\/div>\n\t\t\t\t\t<\/div>\n\t\t<\/div>\n\t\t\t\t\t<\/div>\n\t\t<\/section>\n\t\t\t\t<section class=\"elementor-section elementor-top-section elementor-element elementor-element-6650daf0 elementor-section-content-top elementor-section-boxed elementor-section-height-default elementor-section-height-default\" data-id=\"6650daf0\" data-element_type=\"section\" data-e-type=\"section\" data-settings=\"{&quot;background_background&quot;:&quot;classic&quot;}\">\n\t\t\t\t\t\t\t<div class=\"elementor-background-overlay\"><\/div>\n\t\t\t\t\t\t\t<div class=\"elementor-container elementor-column-gap-no\">\n\t\t\t\t\t<div class=\"elementor-column elementor-col-100 elementor-top-column elementor-element elementor-element-4a5c335d\" data-id=\"4a5c335d\" data-element_type=\"column\" data-e-type=\"column\">\n\t\t\t<div class=\"elementor-widget-wrap elementor-element-populated\">\n\t\t\t\t\t\t<div class=\"elementor-element elementor-element-fd3d465 elementor-widget elementor-widget-heading\" data-id=\"fd3d465\" data-element_type=\"widget\" data-e-type=\"widget\" data-widget_type=\"heading.default\">\n\t\t\t\t<div class=\"elementor-widget-container\">\n\t\t\t\t\t<h2 class=\"elementor-heading-title elementor-size-default\">Des r\u00e8gles de facturation transparentes<\/h2>\t\t\t\t<\/div>\n\t\t\t\t<\/div>\n\t\t\t\t<section class=\"elementor-section elementor-inner-section elementor-element elementor-element-45e9e7ce elementor-section-boxed elementor-section-height-default elementor-section-height-default\" data-id=\"45e9e7ce\" data-element_type=\"section\" data-e-type=\"section\">\n\t\t\t\t\t\t<div class=\"elementor-container elementor-column-gap-default\">\n\t\t\t\t\t<div class=\"elementor-column elementor-col-50 elementor-inner-column elementor-element elementor-element-6abeec19\" data-id=\"6abeec19\" data-element_type=\"column\" data-e-type=\"column\">\n\t\t\t<div class=\"elementor-widget-wrap elementor-element-populated\">\n\t\t\t\t\t\t<div class=\"elementor-element elementor-element-70f6f263 elementor-vertical-align-top elementor-widget elementor-widget-image-box\" data-id=\"70f6f263\" data-element_type=\"widget\" data-e-type=\"widget\" data-widget_type=\"image-box.default\">\n\t\t\t\t<div class=\"elementor-widget-container\">\n\t\t\t\t\t<div class=\"elementor-image-box-wrapper\"><div class=\"elementor-image-box-content\"><p class=\"elementor-image-box-description\">- Les facturations sont conformes aux principes r\u00e9gissant le syst\u00e8me d\u2019assurance du patient ( Lamal, assurance priv\u00e9e\u2026)<\/p><\/div><\/div>\t\t\t\t<\/div>\n\t\t\t\t<\/div>\n\t\t\t\t<div class=\"elementor-element elementor-element-1a8e90d0 elementor-vertical-align-top elementor-widget elementor-widget-image-box\" data-id=\"1a8e90d0\" data-element_type=\"widget\" data-e-type=\"widget\" data-widget_type=\"image-box.default\">\n\t\t\t\t<div class=\"elementor-widget-container\">\n\t\t\t\t\t<div class=\"elementor-image-box-wrapper\"><div class=\"elementor-image-box-content\"><p class=\"elementor-image-box-description\">- Nous facturons syst\u00e9matiquement en tiers payant quand l\u2019assurance l\u2019accepte. C'est l'assurance qui nous r\u00e8gle directement la facture.\n\n<\/p><\/div><\/div>\t\t\t\t<\/div>\n\t\t\t\t<\/div>\n\t\t\t\t<div class=\"elementor-element elementor-element-147596ee elementor-widget elementor-widget-text-editor\" data-id=\"147596ee\" data-element_type=\"widget\" data-e-type=\"widget\" data-widget_type=\"text-editor.default\">\n\t\t\t\t<div class=\"elementor-widget-container\">\n\t\t\t\t\t\t\t\t\t<p>&#8211; Si votre assurance n&rsquo;accepte pas le tiers payant, nous vous demanderons alors de r\u00e9gler la facture directement \u00e0 la clinique \u00e0 l&rsquo;issue de la consultation. Le paiement peut se faire en esp\u00e8ce ou en carte bancaire.<\/p>\t\t\t\t\t\t\t\t<\/div>\n\t\t\t\t<\/div>\n\t\t\t\t<div class=\"elementor-element elementor-element-23c735be elementor-widget elementor-widget-text-editor\" data-id=\"23c735be\" data-element_type=\"widget\" data-e-type=\"widget\" data-widget_type=\"text-editor.default\">\n\t\t\t\t<div class=\"elementor-widget-container\">\n\t\t\t\t\t\t\t\t\t<p>&#8211; Les rendez-vous non d\u00e9command\u00e9s 24h \u00e0 l\u2019avance sont factur\u00e9s. L\u2019annulation doit se faire par mail ou par courrier.\u200b<\/p>\t\t\t\t\t\t\t\t<\/div>\n\t\t\t\t<\/div>\n\t\t\t\t<div class=\"elementor-element elementor-element-2c6d4641 elementor-widget elementor-widget-text-editor\" data-id=\"2c6d4641\" data-element_type=\"widget\" data-e-type=\"widget\" data-widget_type=\"text-editor.default\">\n\t\t\t\t<div class=\"elementor-widget-container\">\n\t\t\t\t\t\t\t\t\t<p>&#8211; Les avis demand\u00e9s par mail ou les demandes d\u2019ordonnance font l\u2019objet d\u2019une facturation Tarmed sp\u00e9cifique.\u200b<\/p>\t\t\t\t\t\t\t\t<\/div>\n\t\t\t\t<\/div>\n\t\t\t\t\t<\/div>\n\t\t<\/div>\n\t\t\t\t<div class=\"elementor-column elementor-col-50 elementor-inner-column elementor-element elementor-element-3e6c0b4d\" data-id=\"3e6c0b4d\" data-element_type=\"column\" data-e-type=\"column\">\n\t\t\t<div class=\"elementor-widget-wrap elementor-element-populated\">\n\t\t\t\t\t\t<div class=\"elementor-element elementor-element-64186ca0 elementor-widget elementor-widget-text-editor\" data-id=\"64186ca0\" data-element_type=\"widget\" data-e-type=\"widget\" data-widget_type=\"text-editor.default\">\n\t\t\t\t<div class=\"elementor-widget-container\">\n\t\t\t\t\t\t\t\t\t<p>&#8211; En cas de non-paiement apr\u00e8s 2 rappels, la facture est transmise pour recouvrement \u00e0 un prestataire externe qui pourra appliquer les frais suivants :Frais en cas de retard de paiement: frais de traitement (au plus t\u00f4t 70 jours \u00e0 compter de la date de facturation, lors de la transmission \u00e0 Inkasso Med AG) selon le montant de la cr\u00e9ance, montant maximum en CHF : 50 (jusqu\u2019\u00e0 20); 70 (jusqu\u2019\u00e0 50); 100 (jusqu\u2019\u00e0 100); 120 (jusqu\u2019\u00e0 150); 149 (jusqu\u2019\u00e0 250); 195 (jusqu\u2019\u00e0 500); 308 (jusqu\u2019\u00e0 1 500); 448 (jusqu\u2019\u00e0 3 000); 1 100 (jusqu\u2019\u00e0 10 000); 1 510 (jusqu\u2019\u00e0 20 000); 2 658 (jusqu\u2019\u00e0 50 000); 6% de la cr\u00e9ance (\u00e0 partir de 50 000).<\/p>\t\t\t\t\t\t\t\t<\/div>\n\t\t\t\t<\/div>\n\t\t\t\t\t<\/div>\n\t\t<\/div>\n\t\t\t\t\t<\/div>\n\t\t<\/section>\n\t\t\t\t\t<\/div>\n\t\t<\/div>\n\t\t\t\t\t<\/div>\n\t\t<\/section>\n\t\t\t\t<\/div>\n\t\t","protected":false},"excerpt":{"rendered":"<p>R\u00e8glement des factures Des r\u00e8gles de facturation transparentes &#8211; Les facturations sont conformes aux principes r\u00e9gissant le syst\u00e8me d\u2019assurance du patient ( Lamal, assurance priv\u00e9e\u2026) &#8211; Nous facturons syst\u00e9matiquement en tiers payant quand l\u2019assurance l\u2019accepte. C&rsquo;est l&rsquo;assurance qui nous r\u00e8gle directement la facture. &#8211; Si votre assurance n&rsquo;accepte pas le tiers payant, nous vous demanderons &hellip;<\/p>\n<p class=\"read-more\"> <a class=\"\" href=\"https:\/\/cidge.ch\/?page_id=1794\"> <span class=\"screen-reader-text\">R\u00e8glement des factures<\/span> Lire la suite\u00a0\u00bb<\/a><\/p>\n","protected":false},"author":1,"featured_media":0,"parent":0,"menu_order":0,"comment_status":"closed","ping_status":"closed","template":"","meta":{"site-sidebar-layout":"no-sidebar","site-content-layout":"page-builder","ast-global-header-display":"","ast-main-header-display":"","ast-hfb-above-header-display":"","ast-hfb-below-header-display":"","ast-hfb-mobile-header-display":"","site-post-title":"disabled","ast-breadcrumbs-content":"","ast-featured-img":"disabled","footer-sml-layout":"","theme-transparent-header-meta":"","adv-header-id-meta":"","stick-header-meta":"","header-above-stick-meta":"","header-main-stick-meta":"","header-below-stick-meta":"","footnotes":""},"class_list":["post-1794","page","type-page","status-publish","hentry"],"yoast_head":"<!-- This site is optimized with the Yoast SEO plugin v26.7 - https:\/\/yoast.com\/wordpress\/plugins\/seo\/ -->\n<title>R\u00e8glement des factures - CIDGE<\/title>\n<meta name=\"robots\" content=\"index, follow, max-snippet:-1, max-image-preview:large, max-video-preview:-1\" \/>\n<link rel=\"canonical\" href=\"http:\/\/cidge.ch\/?page_id=1794\" \/>\n<meta property=\"og:locale\" content=\"fr_FR\" \/>\n<meta property=\"og:type\" content=\"article\" \/>\n<meta property=\"og:title\" content=\"R\u00e8glement des factures - CIDGE\" \/>\n<meta property=\"og:description\" content=\"R\u00e8glement des factures Des r\u00e8gles de facturation transparentes &#8211; Les facturations sont conformes aux principes r\u00e9gissant le syst\u00e8me d\u2019assurance du patient ( Lamal, assurance priv\u00e9e\u2026) &#8211; Nous facturons syst\u00e9matiquement en tiers payant quand l\u2019assurance l\u2019accepte. C&rsquo;est l&rsquo;assurance qui nous r\u00e8gle directement la facture. &#8211; Si votre assurance n&rsquo;accepte pas le tiers payant, nous vous demanderons &hellip; R\u00e8glement des factures Lire la suite\u00a0\u00bb\" \/>\n<meta property=\"og:url\" content=\"http:\/\/cidge.ch\/?page_id=1794\" \/>\n<meta property=\"og:site_name\" content=\"CIDGE\" \/>\n<meta property=\"article:modified_time\" content=\"2024-03-13T19:19:35+00:00\" \/>\n<meta name=\"twitter:card\" content=\"summary_large_image\" \/>\n<meta name=\"twitter:label1\" content=\"Dur\u00e9e de lecture estim\u00e9e\" \/>\n\t<meta name=\"twitter:data1\" content=\"1 minute\" \/>\n<script type=\"application\/ld+json\" class=\"yoast-schema-graph\">{\"@context\":\"https:\/\/schema.org\",\"@graph\":[{\"@type\":\"WebPage\",\"@id\":\"http:\/\/cidge.ch\/?page_id=1794\",\"url\":\"http:\/\/cidge.ch\/?page_id=1794\",\"name\":\"R\u00e8glement des factures - CIDGE\",\"isPartOf\":{\"@id\":\"https:\/\/cidge.ch\/#website\"},\"datePublished\":\"2022-08-17T08:55:27+00:00\",\"dateModified\":\"2024-03-13T19:19:35+00:00\",\"breadcrumb\":{\"@id\":\"http:\/\/cidge.ch\/?page_id=1794#breadcrumb\"},\"inLanguage\":\"fr-FR\",\"potentialAction\":[{\"@type\":\"ReadAction\",\"target\":[\"http:\/\/cidge.ch\/?page_id=1794\"]}]},{\"@type\":\"BreadcrumbList\",\"@id\":\"http:\/\/cidge.ch\/?page_id=1794#breadcrumb\",\"itemListElement\":[{\"@type\":\"ListItem\",\"position\":1,\"name\":\"Accueil\",\"item\":\"https:\/\/cidge.ch\/\"},{\"@type\":\"ListItem\",\"position\":2,\"name\":\"R\u00e8glement des factures\"}]},{\"@type\":\"WebSite\",\"@id\":\"https:\/\/cidge.ch\/#website\",\"url\":\"https:\/\/cidge.ch\/\",\"name\":\"CIDGE\",\"description\":\"Les Cliniques du Seujet (Seujet+Rive)\",\"publisher\":{\"@id\":\"https:\/\/cidge.ch\/#organization\"},\"potentialAction\":[{\"@type\":\"SearchAction\",\"target\":{\"@type\":\"EntryPoint\",\"urlTemplate\":\"https:\/\/cidge.ch\/?s={search_term_string}\"},\"query-input\":{\"@type\":\"PropertyValueSpecification\",\"valueRequired\":true,\"valueName\":\"search_term_string\"}}],\"inLanguage\":\"fr-FR\"},{\"@type\":\"Organization\",\"@id\":\"https:\/\/cidge.ch\/#organization\",\"name\":\"CIDGE\",\"url\":\"https:\/\/cidge.ch\/\",\"logo\":{\"@type\":\"ImageObject\",\"inLanguage\":\"fr-FR\",\"@id\":\"https:\/\/cidge.ch\/#\/schema\/logo\/image\/\",\"url\":\"https:\/\/cidge.ch\/wp-content\/uploads\/2022\/08\/cropped-Sans-titre-1-4.png\",\"contentUrl\":\"https:\/\/cidge.ch\/wp-content\/uploads\/2022\/08\/cropped-Sans-titre-1-4.png\",\"width\":2478,\"height\":822,\"caption\":\"CIDGE\"},\"image\":{\"@id\":\"https:\/\/cidge.ch\/#\/schema\/logo\/image\/\"}}]}<\/script>\n<!-- \/ Yoast SEO plugin. -->","yoast_head_json":{"title":"R\u00e8glement des factures - CIDGE","robots":{"index":"index","follow":"follow","max-snippet":"max-snippet:-1","max-image-preview":"max-image-preview:large","max-video-preview":"max-video-preview:-1"},"canonical":"http:\/\/cidge.ch\/?page_id=1794","og_locale":"fr_FR","og_type":"article","og_title":"R\u00e8glement des factures - CIDGE","og_description":"R\u00e8glement des factures Des r\u00e8gles de facturation transparentes &#8211; Les facturations sont conformes aux principes r\u00e9gissant le syst\u00e8me d\u2019assurance du patient ( Lamal, assurance priv\u00e9e\u2026) &#8211; Nous facturons syst\u00e9matiquement en tiers payant quand l\u2019assurance l\u2019accepte. C&rsquo;est l&rsquo;assurance qui nous r\u00e8gle directement la facture. &#8211; Si votre assurance n&rsquo;accepte pas le tiers payant, nous vous demanderons &hellip; R\u00e8glement des factures Lire la suite\u00a0\u00bb","og_url":"http:\/\/cidge.ch\/?page_id=1794","og_site_name":"CIDGE","article_modified_time":"2024-03-13T19:19:35+00:00","twitter_card":"summary_large_image","twitter_misc":{"Dur\u00e9e de lecture estim\u00e9e":"1 minute"},"schema":{"@context":"https:\/\/schema.org","@graph":[{"@type":"WebPage","@id":"http:\/\/cidge.ch\/?page_id=1794","url":"http:\/\/cidge.ch\/?page_id=1794","name":"R\u00e8glement des factures - CIDGE","isPartOf":{"@id":"https:\/\/cidge.ch\/#website"},"datePublished":"2022-08-17T08:55:27+00:00","dateModified":"2024-03-13T19:19:35+00:00","breadcrumb":{"@id":"http:\/\/cidge.ch\/?page_id=1794#breadcrumb"},"inLanguage":"fr-FR","potentialAction":[{"@type":"ReadAction","target":["http:\/\/cidge.ch\/?page_id=1794"]}]},{"@type":"BreadcrumbList","@id":"http:\/\/cidge.ch\/?page_id=1794#breadcrumb","itemListElement":[{"@type":"ListItem","position":1,"name":"Accueil","item":"https:\/\/cidge.ch\/"},{"@type":"ListItem","position":2,"name":"R\u00e8glement des factures"}]},{"@type":"WebSite","@id":"https:\/\/cidge.ch\/#website","url":"https:\/\/cidge.ch\/","name":"CIDGE","description":"Les Cliniques du Seujet (Seujet+Rive)","publisher":{"@id":"https:\/\/cidge.ch\/#organization"},"potentialAction":[{"@type":"SearchAction","target":{"@type":"EntryPoint","urlTemplate":"https:\/\/cidge.ch\/?s={search_term_string}"},"query-input":{"@type":"PropertyValueSpecification","valueRequired":true,"valueName":"search_term_string"}}],"inLanguage":"fr-FR"},{"@type":"Organization","@id":"https:\/\/cidge.ch\/#organization","name":"CIDGE","url":"https:\/\/cidge.ch\/","logo":{"@type":"ImageObject","inLanguage":"fr-FR","@id":"https:\/\/cidge.ch\/#\/schema\/logo\/image\/","url":"https:\/\/cidge.ch\/wp-content\/uploads\/2022\/08\/cropped-Sans-titre-1-4.png","contentUrl":"https:\/\/cidge.ch\/wp-content\/uploads\/2022\/08\/cropped-Sans-titre-1-4.png","width":2478,"height":822,"caption":"CIDGE"},"image":{"@id":"https:\/\/cidge.ch\/#\/schema\/logo\/image\/"}}]}},"_links":{"self":[{"href":"https:\/\/cidge.ch\/index.php?rest_route=\/wp\/v2\/pages\/1794","targetHints":{"allow":["GET"]}}],"collection":[{"href":"https:\/\/cidge.ch\/index.php?rest_route=\/wp\/v2\/pages"}],"about":[{"href":"https:\/\/cidge.ch\/index.php?rest_route=\/wp\/v2\/types\/page"}],"author":[{"embeddable":true,"href":"https:\/\/cidge.ch\/index.php?rest_route=\/wp\/v2\/users\/1"}],"replies":[{"embeddable":true,"href":"https:\/\/cidge.ch\/index.php?rest_route=%2Fwp%2Fv2%2Fcomments&post=1794"}],"version-history":[{"count":7,"href":"https:\/\/cidge.ch\/index.php?rest_route=\/wp\/v2\/pages\/1794\/revisions"}],"predecessor-version":[{"id":2377,"href":"https:\/\/cidge.ch\/index.php?rest_route=\/wp\/v2\/pages\/1794\/revisions\/2377"}],"wp:attachment":[{"href":"https:\/\/cidge.ch\/index.php?rest_route=%2Fwp%2Fv2%2Fmedia&parent=1794"}],"curies":[{"name":"wp","href":"https:\/\/api.w.org\/{rel}","templated":true}]}}