{"id":1140,"date":"2022-08-11T20:54:38","date_gmt":"2022-08-11T18:54:38","guid":{"rendered":"https:\/\/new.cidge.ch\/?page_id=1140"},"modified":"2024-03-13T19:37:16","modified_gmt":"2024-03-13T18:37:16","slug":"la-clinique-cours-de-rive","status":"publish","type":"page","link":"https:\/\/cidge.ch\/?page_id=1140","title":{"rendered":"La clinique Cours de Rive"},"content":{"rendered":"\t\t<div data-elementor-type=\"wp-page\" data-elementor-id=\"1140\" class=\"elementor elementor-1140\">\n\t\t\t\t\t\t<section class=\"elementor-section elementor-top-section elementor-element elementor-element-70e6942d elementor-section-height-min-height elementor-section-boxed elementor-section-height-default elementor-section-items-middle\" data-id=\"70e6942d\" data-element_type=\"section\" data-e-type=\"section\" data-settings=\"{&quot;background_background&quot;:&quot;classic&quot;}\">\n\t\t\t\t\t\t\t<div class=\"elementor-background-overlay\"><\/div>\n\t\t\t\t\t\t\t<div class=\"elementor-container elementor-column-gap-no\">\n\t\t\t\t\t<div class=\"elementor-column elementor-col-100 elementor-top-column elementor-element elementor-element-57a3b294\" data-id=\"57a3b294\" data-element_type=\"column\" data-e-type=\"column\">\n\t\t\t<div class=\"elementor-widget-wrap elementor-element-populated\">\n\t\t\t\t\t\t<div class=\"elementor-element elementor-element-4814c2e4 elementor-widget elementor-widget-heading\" data-id=\"4814c2e4\" data-element_type=\"widget\" data-e-type=\"widget\" data-widget_type=\"heading.default\">\n\t\t\t\t<div class=\"elementor-widget-container\">\n\t\t\t\t\t<h1 class=\"elementor-heading-title elementor-size-default\">Clinique <br>Cours de Rive 2<\/h1>\t\t\t\t<\/div>\n\t\t\t\t<\/div>\n\t\t\t\t\t<\/div>\n\t\t<\/div>\n\t\t\t\t\t<\/div>\n\t\t<\/section>\n\t\t\t\t<section class=\"elementor-section elementor-top-section elementor-element elementor-element-ec9ed76 elementor-section-boxed elementor-section-height-default elementor-section-height-default\" data-id=\"ec9ed76\" data-element_type=\"section\" data-e-type=\"section\" data-settings=\"{&quot;background_background&quot;:&quot;classic&quot;}\">\n\t\t\t\t\t\t<div class=\"elementor-container elementor-column-gap-default\">\n\t\t\t\t\t<div class=\"elementor-column elementor-col-100 elementor-top-column elementor-element elementor-element-5fb8468\" data-id=\"5fb8468\" data-element_type=\"column\" data-e-type=\"column\">\n\t\t\t<div class=\"elementor-widget-wrap elementor-element-populated\">\n\t\t\t\t\t\t<div class=\"elementor-element elementor-element-2c08b28 elementor-widget elementor-widget-spacer\" data-id=\"2c08b28\" data-element_type=\"widget\" data-e-type=\"widget\" data-widget_type=\"spacer.default\">\n\t\t\t\t<div class=\"elementor-widget-container\">\n\t\t\t\t\t\t\t<div class=\"elementor-spacer\">\n\t\t\t<div class=\"elementor-spacer-inner\"><\/div>\n\t\t<\/div>\n\t\t\t\t\t\t<\/div>\n\t\t\t\t<\/div>\n\t\t\t\t<div class=\"elementor-element elementor-element-60ced20 elementor-widget elementor-widget-heading\" data-id=\"60ced20\" data-element_type=\"widget\" data-e-type=\"widget\" data-widget_type=\"heading.default\">\n\t\t\t\t<div class=\"elementor-widget-container\">\n\t\t\t\t\t<h2 class=\"elementor-heading-title elementor-size-default\">Une clinique d\u00e9di\u00e9e \u00e0 la dermatologie, \u00e0 la gyn\u00e9cologie, la nutrition, l'esth\u00e9tique, dans une approche int\u00e9grative<\/h2>\t\t\t\t<\/div>\n\t\t\t\t<\/div>\n\t\t\t\t<div class=\"elementor-element elementor-element-3bff5b2 elementor-widget elementor-widget-text-editor\" data-id=\"3bff5b2\" data-element_type=\"widget\" data-e-type=\"widget\" data-widget_type=\"text-editor.default\">\n\t\t\t\t<div class=\"elementor-widget-container\">\n\t\t\t\t\t\t\t\t\t<p>La Clinique Cours de Rive est une structure d\u00e9di\u00e9e \u00e0 la dermatologie. Elle propose une prise en charge int\u00e9grative pour certaines pathologies.<span class=\"Apple-converted-space\">\u00a0<\/span><\/p><p>Elle est situ\u00e9e en plein centre de Gen\u00e8ve, sur un seul niveau d\u2019une surface moderne de 290 m2.<\/p><p>Nos m\u00e9decins et th\u00e9rapeutes peuvent vous recevoir dans les meilleurs d\u00e9lais.<\/p>\t\t\t\t\t\t\t\t<\/div>\n\t\t\t\t<\/div>\n\t\t\t\t<div class=\"elementor-element elementor-element-cf86044 elementor-widget elementor-widget-spacer\" data-id=\"cf86044\" data-element_type=\"widget\" data-e-type=\"widget\" data-widget_type=\"spacer.default\">\n\t\t\t\t<div class=\"elementor-widget-container\">\n\t\t\t\t\t\t\t<div class=\"elementor-spacer\">\n\t\t\t<div class=\"elementor-spacer-inner\"><\/div>\n\t\t<\/div>\n\t\t\t\t\t\t<\/div>\n\t\t\t\t<\/div>\n\t\t\t\t\t<\/div>\n\t\t<\/div>\n\t\t\t\t\t<\/div>\n\t\t<\/section>\n\t\t\t\t<section class=\"elementor-section elementor-top-section elementor-element elementor-element-5b4a2154 elementor-section-boxed elementor-section-height-default elementor-section-height-default\" data-id=\"5b4a2154\" data-element_type=\"section\" data-e-type=\"section\" data-settings=\"{&quot;background_background&quot;:&quot;classic&quot;}\">\n\t\t\t\t\t\t\t<div class=\"elementor-background-overlay\"><\/div>\n\t\t\t\t\t\t\t<div class=\"elementor-container elementor-column-gap-no\">\n\t\t\t\t\t<div class=\"elementor-column elementor-col-33 elementor-top-column elementor-element elementor-element-51a44a81\" data-id=\"51a44a81\" data-element_type=\"column\" data-e-type=\"column\">\n\t\t\t<div class=\"elementor-widget-wrap elementor-element-populated\">\n\t\t\t\t\t\t<div class=\"elementor-element elementor-element-462da10a elementor-widget elementor-widget-image\" data-id=\"462da10a\" data-element_type=\"widget\" data-e-type=\"widget\" data-widget_type=\"image.default\">\n\t\t\t\t<div class=\"elementor-widget-container\">\n\t\t\t\t\t\t\t\t\t\t\t\t\t\t\t<img fetchpriority=\"high\" decoding=\"async\" width=\"680\" height=\"1024\" src=\"https:\/\/cidge.ch\/wp-content\/uploads\/2022\/08\/modif1-680x1024.jpg\" class=\"elementor-animation-float attachment-large size-large wp-image-1672\" alt=\"\" srcset=\"https:\/\/cidge.ch\/wp-content\/uploads\/2022\/08\/modif1-680x1024.jpg 680w, https:\/\/cidge.ch\/wp-content\/uploads\/2022\/08\/modif1-199x300.jpg 199w, https:\/\/cidge.ch\/wp-content\/uploads\/2022\/08\/modif1-768x1156.jpg 768w, https:\/\/cidge.ch\/wp-content\/uploads\/2022\/08\/modif1-1020x1536.jpg 1020w, https:\/\/cidge.ch\/wp-content\/uploads\/2022\/08\/modif1-1360x2048.jpg 1360w, https:\/\/cidge.ch\/wp-content\/uploads\/2022\/08\/modif1-600x903.jpg 600w, https:\/\/cidge.ch\/wp-content\/uploads\/2022\/08\/modif1.jpg 1424w\" sizes=\"(max-width: 680px) 100vw, 680px\" \/>\t\t\t\t\t\t\t\t\t\t\t\t\t\t\t<\/div>\n\t\t\t\t<\/div>\n\t\t\t\t\t<\/div>\n\t\t<\/div>\n\t\t\t\t<div class=\"elementor-column elementor-col-33 elementor-top-column elementor-element elementor-element-34c8d570\" data-id=\"34c8d570\" data-element_type=\"column\" data-e-type=\"column\">\n\t\t\t<div class=\"elementor-widget-wrap elementor-element-populated\">\n\t\t\t\t\t\t<div class=\"elementor-element elementor-element-7a78573a elementor-widget elementor-widget-image\" data-id=\"7a78573a\" data-element_type=\"widget\" data-e-type=\"widget\" data-widget_type=\"image.default\">\n\t\t\t\t<div class=\"elementor-widget-container\">\n\t\t\t\t\t\t\t\t\t\t\t\t\t\t\t<img decoding=\"async\" width=\"1024\" height=\"680\" src=\"https:\/\/cidge.ch\/wp-content\/uploads\/2022\/08\/cc-1024x680.jpg\" class=\"elementor-animation-float attachment-large size-large wp-image-1674\" alt=\"\" srcset=\"https:\/\/cidge.ch\/wp-content\/uploads\/2022\/08\/cc-1024x680.jpg 1024w, https:\/\/cidge.ch\/wp-content\/uploads\/2022\/08\/cc-300x199.jpg 300w, https:\/\/cidge.ch\/wp-content\/uploads\/2022\/08\/cc-768x510.jpg 768w, https:\/\/cidge.ch\/wp-content\/uploads\/2022\/08\/cc-1536x1020.jpg 1536w, https:\/\/cidge.ch\/wp-content\/uploads\/2022\/08\/cc-2048x1360.jpg 2048w, https:\/\/cidge.ch\/wp-content\/uploads\/2022\/08\/cc-600x399.jpg 600w\" sizes=\"(max-width: 1024px) 100vw, 1024px\" \/>\t\t\t\t\t\t\t\t\t\t\t\t\t\t\t<\/div>\n\t\t\t\t<\/div>\n\t\t\t\t\t<\/div>\n\t\t<\/div>\n\t\t\t\t<div class=\"elementor-column elementor-col-33 elementor-top-column elementor-element elementor-element-32df99de\" data-id=\"32df99de\" data-element_type=\"column\" data-e-type=\"column\">\n\t\t\t<div class=\"elementor-widget-wrap\">\n\t\t\t\t\t\t\t<\/div>\n\t\t<\/div>\n\t\t\t\t\t<\/div>\n\t\t<\/section>\n\t\t\t\t<\/div>\n\t\t","protected":false},"excerpt":{"rendered":"<p>Clinique Cours de Rive 2 Une clinique d\u00e9di\u00e9e \u00e0 la dermatologie, \u00e0 la gyn\u00e9cologie, la nutrition, l&rsquo;esth\u00e9tique, dans une approche int\u00e9grative La Clinique Cours de Rive est une structure d\u00e9di\u00e9e \u00e0 la dermatologie. Elle propose une prise en charge int\u00e9grative pour certaines pathologies.\u00a0 Elle est situ\u00e9e en plein centre de Gen\u00e8ve, sur un seul niveau &hellip;<\/p>\n<p class=\"read-more\"> <a class=\"\" href=\"https:\/\/cidge.ch\/?page_id=1140\"> <span class=\"screen-reader-text\">La clinique Cours de Rive<\/span> Lire la suite\u00a0\u00bb<\/a><\/p>\n","protected":false},"author":1,"featured_media":0,"parent":0,"menu_order":0,"comment_status":"closed","ping_status":"closed","template":"","meta":{"site-sidebar-layout":"no-sidebar","site-content-layout":"page-builder","ast-global-header-display":"","ast-main-header-display":"","ast-hfb-above-header-display":"","ast-hfb-below-header-display":"","ast-hfb-mobile-header-display":"","site-post-title":"disabled","ast-breadcrumbs-content":"","ast-featured-img":"disabled","footer-sml-layout":"","theme-transparent-header-meta":"","adv-header-id-meta":"","stick-header-meta":"","header-above-stick-meta":"","header-main-stick-meta":"","header-below-stick-meta":"","footnotes":""},"class_list":["post-1140","page","type-page","status-publish","hentry"],"yoast_head":"<!-- This site is optimized with the Yoast SEO plugin v26.7 - https:\/\/yoast.com\/wordpress\/plugins\/seo\/ -->\n<title>La clinique Cours de Rive - CIDGE<\/title>\n<meta name=\"robots\" content=\"index, follow, max-snippet:-1, max-image-preview:large, max-video-preview:-1\" \/>\n<link rel=\"canonical\" href=\"https:\/\/cidge.ch\/?page_id=1140\" \/>\n<meta property=\"og:locale\" content=\"fr_FR\" \/>\n<meta property=\"og:type\" content=\"article\" \/>\n<meta property=\"og:title\" content=\"La clinique Cours de Rive - CIDGE\" \/>\n<meta property=\"og:description\" content=\"Clinique Cours de Rive 2 Une clinique d\u00e9di\u00e9e \u00e0 la dermatologie, \u00e0 la gyn\u00e9cologie, la nutrition, l&rsquo;esth\u00e9tique, dans une approche int\u00e9grative La Clinique Cours de Rive est une structure d\u00e9di\u00e9e \u00e0 la dermatologie. Elle propose une prise en charge int\u00e9grative pour certaines pathologies.\u00a0 Elle est situ\u00e9e en plein centre de Gen\u00e8ve, sur un seul niveau &hellip; La clinique Cours de Rive Lire la suite\u00a0\u00bb\" \/>\n<meta property=\"og:url\" content=\"https:\/\/cidge.ch\/?page_id=1140\" \/>\n<meta property=\"og:site_name\" content=\"CIDGE\" \/>\n<meta property=\"article:modified_time\" content=\"2024-03-13T18:37:16+00:00\" \/>\n<meta property=\"og:image\" content=\"http:\/\/cidge.ch\/wp-content\/uploads\/2022\/08\/modif1-680x1024.jpg\" \/>\n<meta name=\"twitter:card\" content=\"summary_large_image\" \/>\n<script type=\"application\/ld+json\" class=\"yoast-schema-graph\">{\"@context\":\"https:\/\/schema.org\",\"@graph\":[{\"@type\":\"WebPage\",\"@id\":\"https:\/\/cidge.ch\/?page_id=1140\",\"url\":\"https:\/\/cidge.ch\/?page_id=1140\",\"name\":\"La clinique Cours de Rive - CIDGE\",\"isPartOf\":{\"@id\":\"https:\/\/cidge.ch\/#website\"},\"primaryImageOfPage\":{\"@id\":\"https:\/\/cidge.ch\/?page_id=1140#primaryimage\"},\"image\":{\"@id\":\"https:\/\/cidge.ch\/?page_id=1140#primaryimage\"},\"thumbnailUrl\":\"http:\/\/cidge.ch\/wp-content\/uploads\/2022\/08\/modif1-680x1024.jpg\",\"datePublished\":\"2022-08-11T18:54:38+00:00\",\"dateModified\":\"2024-03-13T18:37:16+00:00\",\"breadcrumb\":{\"@id\":\"https:\/\/cidge.ch\/?page_id=1140#breadcrumb\"},\"inLanguage\":\"fr-FR\",\"potentialAction\":[{\"@type\":\"ReadAction\",\"target\":[\"https:\/\/cidge.ch\/?page_id=1140\"]}]},{\"@type\":\"ImageObject\",\"inLanguage\":\"fr-FR\",\"@id\":\"https:\/\/cidge.ch\/?page_id=1140#primaryimage\",\"url\":\"http:\/\/cidge.ch\/wp-content\/uploads\/2022\/08\/modif1-680x1024.jpg\",\"contentUrl\":\"http:\/\/cidge.ch\/wp-content\/uploads\/2022\/08\/modif1-680x1024.jpg\"},{\"@type\":\"BreadcrumbList\",\"@id\":\"https:\/\/cidge.ch\/?page_id=1140#breadcrumb\",\"itemListElement\":[{\"@type\":\"ListItem\",\"position\":1,\"name\":\"Accueil\",\"item\":\"https:\/\/cidge.ch\/\"},{\"@type\":\"ListItem\",\"position\":2,\"name\":\"La clinique Cours de Rive\"}]},{\"@type\":\"WebSite\",\"@id\":\"https:\/\/cidge.ch\/#website\",\"url\":\"https:\/\/cidge.ch\/\",\"name\":\"CIDGE\",\"description\":\"Les Cliniques du Seujet (Seujet+Rive)\",\"publisher\":{\"@id\":\"https:\/\/cidge.ch\/#organization\"},\"potentialAction\":[{\"@type\":\"SearchAction\",\"target\":{\"@type\":\"EntryPoint\",\"urlTemplate\":\"https:\/\/cidge.ch\/?s={search_term_string}\"},\"query-input\":{\"@type\":\"PropertyValueSpecification\",\"valueRequired\":true,\"valueName\":\"search_term_string\"}}],\"inLanguage\":\"fr-FR\"},{\"@type\":\"Organization\",\"@id\":\"https:\/\/cidge.ch\/#organization\",\"name\":\"CIDGE\",\"url\":\"https:\/\/cidge.ch\/\",\"logo\":{\"@type\":\"ImageObject\",\"inLanguage\":\"fr-FR\",\"@id\":\"https:\/\/cidge.ch\/#\/schema\/logo\/image\/\",\"url\":\"https:\/\/cidge.ch\/wp-content\/uploads\/2022\/08\/cropped-Sans-titre-1-4.png\",\"contentUrl\":\"https:\/\/cidge.ch\/wp-content\/uploads\/2022\/08\/cropped-Sans-titre-1-4.png\",\"width\":2478,\"height\":822,\"caption\":\"CIDGE\"},\"image\":{\"@id\":\"https:\/\/cidge.ch\/#\/schema\/logo\/image\/\"}}]}<\/script>\n<!-- \/ Yoast SEO plugin. -->","yoast_head_json":{"title":"La clinique Cours de Rive - CIDGE","robots":{"index":"index","follow":"follow","max-snippet":"max-snippet:-1","max-image-preview":"max-image-preview:large","max-video-preview":"max-video-preview:-1"},"canonical":"https:\/\/cidge.ch\/?page_id=1140","og_locale":"fr_FR","og_type":"article","og_title":"La clinique Cours de Rive - CIDGE","og_description":"Clinique Cours de Rive 2 Une clinique d\u00e9di\u00e9e \u00e0 la dermatologie, \u00e0 la gyn\u00e9cologie, la nutrition, l&rsquo;esth\u00e9tique, dans une approche int\u00e9grative La Clinique Cours de Rive est une structure d\u00e9di\u00e9e \u00e0 la dermatologie. Elle propose une prise en charge int\u00e9grative pour certaines pathologies.\u00a0 Elle est situ\u00e9e en plein centre de Gen\u00e8ve, sur un seul niveau &hellip; La clinique Cours de Rive Lire la suite\u00a0\u00bb","og_url":"https:\/\/cidge.ch\/?page_id=1140","og_site_name":"CIDGE","article_modified_time":"2024-03-13T18:37:16+00:00","og_image":[{"url":"http:\/\/cidge.ch\/wp-content\/uploads\/2022\/08\/modif1-680x1024.jpg","type":"","width":"","height":""}],"twitter_card":"summary_large_image","schema":{"@context":"https:\/\/schema.org","@graph":[{"@type":"WebPage","@id":"https:\/\/cidge.ch\/?page_id=1140","url":"https:\/\/cidge.ch\/?page_id=1140","name":"La clinique Cours de Rive - CIDGE","isPartOf":{"@id":"https:\/\/cidge.ch\/#website"},"primaryImageOfPage":{"@id":"https:\/\/cidge.ch\/?page_id=1140#primaryimage"},"image":{"@id":"https:\/\/cidge.ch\/?page_id=1140#primaryimage"},"thumbnailUrl":"http:\/\/cidge.ch\/wp-content\/uploads\/2022\/08\/modif1-680x1024.jpg","datePublished":"2022-08-11T18:54:38+00:00","dateModified":"2024-03-13T18:37:16+00:00","breadcrumb":{"@id":"https:\/\/cidge.ch\/?page_id=1140#breadcrumb"},"inLanguage":"fr-FR","potentialAction":[{"@type":"ReadAction","target":["https:\/\/cidge.ch\/?page_id=1140"]}]},{"@type":"ImageObject","inLanguage":"fr-FR","@id":"https:\/\/cidge.ch\/?page_id=1140#primaryimage","url":"http:\/\/cidge.ch\/wp-content\/uploads\/2022\/08\/modif1-680x1024.jpg","contentUrl":"http:\/\/cidge.ch\/wp-content\/uploads\/2022\/08\/modif1-680x1024.jpg"},{"@type":"BreadcrumbList","@id":"https:\/\/cidge.ch\/?page_id=1140#breadcrumb","itemListElement":[{"@type":"ListItem","position":1,"name":"Accueil","item":"https:\/\/cidge.ch\/"},{"@type":"ListItem","position":2,"name":"La clinique Cours de Rive"}]},{"@type":"WebSite","@id":"https:\/\/cidge.ch\/#website","url":"https:\/\/cidge.ch\/","name":"CIDGE","description":"Les Cliniques du Seujet (Seujet+Rive)","publisher":{"@id":"https:\/\/cidge.ch\/#organization"},"potentialAction":[{"@type":"SearchAction","target":{"@type":"EntryPoint","urlTemplate":"https:\/\/cidge.ch\/?s={search_term_string}"},"query-input":{"@type":"PropertyValueSpecification","valueRequired":true,"valueName":"search_term_string"}}],"inLanguage":"fr-FR"},{"@type":"Organization","@id":"https:\/\/cidge.ch\/#organization","name":"CIDGE","url":"https:\/\/cidge.ch\/","logo":{"@type":"ImageObject","inLanguage":"fr-FR","@id":"https:\/\/cidge.ch\/#\/schema\/logo\/image\/","url":"https:\/\/cidge.ch\/wp-content\/uploads\/2022\/08\/cropped-Sans-titre-1-4.png","contentUrl":"https:\/\/cidge.ch\/wp-content\/uploads\/2022\/08\/cropped-Sans-titre-1-4.png","width":2478,"height":822,"caption":"CIDGE"},"image":{"@id":"https:\/\/cidge.ch\/#\/schema\/logo\/image\/"}}]}},"_links":{"self":[{"href":"https:\/\/cidge.ch\/index.php?rest_route=\/wp\/v2\/pages\/1140","targetHints":{"allow":["GET"]}}],"collection":[{"href":"https:\/\/cidge.ch\/index.php?rest_route=\/wp\/v2\/pages"}],"about":[{"href":"https:\/\/cidge.ch\/index.php?rest_route=\/wp\/v2\/types\/page"}],"author":[{"embeddable":true,"href":"https:\/\/cidge.ch\/index.php?rest_route=\/wp\/v2\/users\/1"}],"replies":[{"embeddable":true,"href":"https:\/\/cidge.ch\/index.php?rest_route=%2Fwp%2Fv2%2Fcomments&post=1140"}],"version-history":[{"count":19,"href":"https:\/\/cidge.ch\/index.php?rest_route=\/wp\/v2\/pages\/1140\/revisions"}],"predecessor-version":[{"id":2325,"href":"https:\/\/cidge.ch\/index.php?rest_route=\/wp\/v2\/pages\/1140\/revisions\/2325"}],"wp:attachment":[{"href":"https:\/\/cidge.ch\/index.php?rest_route=%2Fwp%2Fv2%2Fmedia&parent=1140"}],"curies":[{"name":"wp","href":"https:\/\/api.w.org\/{rel}","templated":true}]}}