{"id":1149,"date":"2022-08-11T20:54:38","date_gmt":"2022-08-11T18:54:38","guid":{"rendered":"https:\/\/new.cidge.ch\/?page_id=1149"},"modified":"2024-09-19T10:51:04","modified_gmt":"2024-09-19T08:51:04","slug":"medecin-en-gynecologie","status":"publish","type":"page","link":"http:\/\/cidge.ch\/?page_id=1149","title":{"rendered":"M\u00e9decin en gyn\u00e9cologie"},"content":{"rendered":"\t\t<div data-elementor-type=\"wp-page\" data-elementor-id=\"1149\" class=\"elementor elementor-1149\">\n\t\t\t\t\t\t<section class=\"elementor-section elementor-top-section elementor-element elementor-element-kyauvcx elementor-section-height-min-height elementor-section-boxed elementor-section-height-default elementor-section-items-middle\" data-id=\"kyauvcx\" data-element_type=\"section\" data-e-type=\"section\" data-settings=\"{&quot;background_background&quot;:&quot;classic&quot;}\">\n\t\t\t\t\t\t\t<div class=\"elementor-background-overlay\"><\/div>\n\t\t\t\t\t\t\t<div class=\"elementor-container elementor-column-gap-no\">\n\t\t\t\t\t<div class=\"elementor-column elementor-col-100 elementor-top-column elementor-element elementor-element-aa19351\" data-id=\"aa19351\" data-element_type=\"column\" data-e-type=\"column\">\n\t\t\t<div class=\"elementor-widget-wrap elementor-element-populated\">\n\t\t\t\t\t\t<div class=\"elementor-element elementor-element-da59f45 elementor-widget elementor-widget-heading\" data-id=\"da59f45\" data-element_type=\"widget\" data-e-type=\"widget\" data-widget_type=\"heading.default\">\n\t\t\t\t<div class=\"elementor-widget-container\">\n\t\t\t\t\t<h1 class=\"elementor-heading-title elementor-size-default\">La m\u00e9decin en gyn\u00e9cologie-obst\u00e9trique<\/h1>\t\t\t\t<\/div>\n\t\t\t\t<\/div>\n\t\t\t\t\t<\/div>\n\t\t<\/div>\n\t\t\t\t\t<\/div>\n\t\t<\/section>\n\t\t\t\t<section class=\"elementor-section elementor-top-section elementor-element elementor-element-oc93k2e elementor-section-content-middle elementor-section-boxed elementor-section-height-default elementor-section-height-default\" data-id=\"oc93k2e\" data-element_type=\"section\" data-e-type=\"section\" data-settings=\"{&quot;background_background&quot;:&quot;classic&quot;}\">\n\t\t\t\t\t\t<div class=\"elementor-container elementor-column-gap-no\">\n\t\t\t\t\t<div class=\"elementor-column elementor-col-50 elementor-top-column elementor-element elementor-element-4d7ad86\" data-id=\"4d7ad86\" data-element_type=\"column\" data-e-type=\"column\">\n\t\t\t<div class=\"elementor-widget-wrap elementor-element-populated\">\n\t\t\t\t\t\t<div class=\"elementor-element elementor-element-91de7cd elementor-widget elementor-widget-heading\" data-id=\"91de7cd\" data-element_type=\"widget\" data-e-type=\"widget\" data-widget_type=\"heading.default\">\n\t\t\t\t<div class=\"elementor-widget-container\">\n\t\t\t\t\t<h2 class=\"elementor-heading-title elementor-size-default\">Docteur Christine Nicora<\/h2>\t\t\t\t<\/div>\n\t\t\t\t<\/div>\n\t\t\t\t<div class=\"elementor-element elementor-element-0e457ca elementor-widget elementor-widget-text-editor\" data-id=\"0e457ca\" data-element_type=\"widget\" data-e-type=\"widget\" data-widget_type=\"text-editor.default\">\n\t\t\t\t<div class=\"elementor-widget-container\">\n\t\t\t\t\t\t\t\t\t<p>La Doctoresse Christine NICORA est membre FMH, membre AMG, membre SGUM et\u00a0membre SSGO<\/p>\t\t\t\t\t\t\t\t<\/div>\n\t\t\t\t<\/div>\n\t\t\t\t<div class=\"elementor-element elementor-element-74f2ced elementor-widget elementor-widget-heading\" data-id=\"74f2ced\" data-element_type=\"widget\" data-e-type=\"widget\" data-widget_type=\"heading.default\">\n\t\t\t\t<div class=\"elementor-widget-container\">\n\t\t\t\t\t<h4 class=\"elementor-heading-title elementor-size-default\">Sp\u00e9cialit\u00e9s<\/h4>\t\t\t\t<\/div>\n\t\t\t\t<\/div>\n\t\t\t\t<div class=\"elementor-element elementor-element-f9f6816 elementor-widget elementor-widget-text-editor\" data-id=\"f9f6816\" data-element_type=\"widget\" data-e-type=\"widget\" data-widget_type=\"text-editor.default\">\n\t\t\t\t<div class=\"elementor-widget-container\">\n\t\t\t\t\t\t\t\t\t<div class=\"elementor-element elementor-element-01dd3f1 elementor-widget elementor-widget-text-editor\" data-id=\"01dd3f1\" data-element_type=\"widget\" data-widget_type=\"text-editor.default\"><div class=\"elementor-widget-container\"><p>Sp\u00e9cialiste FMH Gyn\u00e9co \u2013 Obst\u00e9trique<br \/>Dipl\u00f4me inter universitaire europ\u00e9en d\u2019Echographie Gyn\u00e9co \u2013 Obst\u00e9trique<br \/>Membre de l\u2019ISUOG : International Society of Ultrasound &#8211; Obstetrics and Gynecology<br \/>Membre de la SSUM : Soci\u00e9t\u00e9 Suisse d\u2019Ultrasons en M\u00e9decine<\/p><\/div><\/div><div class=\"elementor-element elementor-element-79f3054 elementor-widget elementor-widget-text-editor\" data-id=\"79f3054\" data-element_type=\"widget\" data-widget_type=\"text-editor.default\"><div class=\"elementor-widget-container\"><p>Certificat d\u2019Etudes sp\u00e9cialis\u00e9es en M\u00e9decine de la reproduction :<\/p><p>Elle s\u2019est sp\u00e9cialis\u00e9e en Echographie Gyn\u00e9co \u2013 Obst\u00e9trique<br \/>&#8211; DIU Europ\u00e9en d\u2019Echographie Gyn\u00e9co \u2013 Obst\u00e9trique \u00e0 Lyon<br \/>&#8211; Membre du CFEF : Coll\u00e8ge Fran\u00e7ais d\u2019Echographie F\u0153tale<br \/>A ce titre, elle participe en tant qu\u2019oratrice dans de nombreux congr\u00e8s \u00e0 l\u2019\u00e9tranger.<br \/>&#8211; Certifi\u00e9e FMF \u00e0 Londres, Fondation de M\u00e9decine F\u0153tale<br \/>&#8211; Membre de l\u2019AMG et de la SSGO.<br \/>&#8211; Langues parl\u00e9es : Fran\u00e7ais, Anglais, Espagnol<\/p><\/div><\/div>\t\t\t\t\t\t\t\t<\/div>\n\t\t\t\t<\/div>\n\t\t\t\t\t<\/div>\n\t\t<\/div>\n\t\t\t\t<div class=\"elementor-column elementor-col-50 elementor-top-column elementor-element elementor-element-03a6bc5\" data-id=\"03a6bc5\" data-element_type=\"column\" data-e-type=\"column\">\n\t\t\t<div class=\"elementor-widget-wrap elementor-element-populated\">\n\t\t\t\t\t\t<div class=\"elementor-element elementor-element-02ae585 elementor-widget elementor-widget-image\" data-id=\"02ae585\" data-element_type=\"widget\" data-e-type=\"widget\" data-widget_type=\"image.default\">\n\t\t\t\t<div class=\"elementor-widget-container\">\n\t\t\t\t\t\t\t\t\t\t\t\t\t\t\t<img fetchpriority=\"high\" decoding=\"async\" width=\"1704\" height=\"2560\" src=\"https:\/\/cidge.ch\/wp-content\/uploads\/2022\/08\/ch.ch-Copie-scaled.jpg\" class=\"attachment-full size-full wp-image-1890\" alt=\"\" srcset=\"https:\/\/cidge.ch\/wp-content\/uploads\/2022\/08\/ch.ch-Copie-scaled.jpg 1704w, https:\/\/cidge.ch\/wp-content\/uploads\/2022\/08\/ch.ch-Copie-200x300.jpg 200w, https:\/\/cidge.ch\/wp-content\/uploads\/2022\/08\/ch.ch-Copie-682x1024.jpg 682w, https:\/\/cidge.ch\/wp-content\/uploads\/2022\/08\/ch.ch-Copie-768x1154.jpg 768w, https:\/\/cidge.ch\/wp-content\/uploads\/2022\/08\/ch.ch-Copie-1022x1536.jpg 1022w, https:\/\/cidge.ch\/wp-content\/uploads\/2022\/08\/ch.ch-Copie-1363x2048.jpg 1363w\" sizes=\"(max-width: 1704px) 100vw, 1704px\" \/>\t\t\t\t\t\t\t\t\t\t\t\t\t\t\t<\/div>\n\t\t\t\t<\/div>\n\t\t\t\t\t<\/div>\n\t\t<\/div>\n\t\t\t\t\t<\/div>\n\t\t<\/section>\n\t\t\t\t<section class=\"elementor-section elementor-top-section elementor-element elementor-element-baf9178 elementor-section-boxed elementor-section-height-default elementor-section-height-default\" data-id=\"baf9178\" data-element_type=\"section\" data-e-type=\"section\" data-settings=\"{&quot;background_background&quot;:&quot;classic&quot;}\">\n\t\t\t\t\t\t<div class=\"elementor-container elementor-column-gap-default\">\n\t\t\t\t\t<div class=\"elementor-column elementor-col-100 elementor-top-column elementor-element elementor-element-e735cc9\" data-id=\"e735cc9\" data-element_type=\"column\" data-e-type=\"column\">\n\t\t\t<div class=\"elementor-widget-wrap elementor-element-populated\">\n\t\t\t\t\t\t<div class=\"elementor-element elementor-element-5e9c051 elementor-widget elementor-widget-spacer\" data-id=\"5e9c051\" data-element_type=\"widget\" data-e-type=\"widget\" data-widget_type=\"spacer.default\">\n\t\t\t\t<div class=\"elementor-widget-container\">\n\t\t\t\t\t\t\t<div class=\"elementor-spacer\">\n\t\t\t<div class=\"elementor-spacer-inner\"><\/div>\n\t\t<\/div>\n\t\t\t\t\t\t<\/div>\n\t\t\t\t<\/div>\n\t\t\t\t\t<\/div>\n\t\t<\/div>\n\t\t\t\t\t<\/div>\n\t\t<\/section>\n\t\t\t\t<\/div>\n\t\t","protected":false},"excerpt":{"rendered":"<p>La m\u00e9decin en gyn\u00e9cologie-obst\u00e9trique Docteur Christine Nicora La Doctoresse Christine NICORA est membre FMH, membre AMG, membre SGUM et\u00a0membre SSGO Sp\u00e9cialit\u00e9s Sp\u00e9cialiste FMH Gyn\u00e9co \u2013 Obst\u00e9triqueDipl\u00f4me inter universitaire europ\u00e9en d\u2019Echographie Gyn\u00e9co \u2013 Obst\u00e9triqueMembre de l\u2019ISUOG : International Society of Ultrasound &#8211; Obstetrics and GynecologyMembre de la SSUM : Soci\u00e9t\u00e9 Suisse d\u2019Ultrasons en M\u00e9decine Certificat d\u2019Etudes &hellip;<\/p>\n<p class=\"read-more\"> <a class=\"\" href=\"http:\/\/cidge.ch\/?page_id=1149\"> <span class=\"screen-reader-text\">M\u00e9decin en gyn\u00e9cologie<\/span> Lire la suite\u00a0\u00bb<\/a><\/p>\n","protected":false},"author":1,"featured_media":0,"parent":0,"menu_order":0,"comment_status":"closed","ping_status":"closed","template":"","meta":{"site-sidebar-layout":"no-sidebar","site-content-layout":"page-builder","ast-global-header-display":"","ast-main-header-display":"","ast-hfb-above-header-display":"","ast-hfb-below-header-display":"","ast-hfb-mobile-header-display":"","site-post-title":"disabled","ast-breadcrumbs-content":"","ast-featured-img":"disabled","footer-sml-layout":"","theme-transparent-header-meta":"","adv-header-id-meta":"","stick-header-meta":"","header-above-stick-meta":"","header-main-stick-meta":"","header-below-stick-meta":"","footnotes":""},"class_list":["post-1149","page","type-page","status-publish","hentry"],"yoast_head":"<!-- This site is optimized with the Yoast SEO plugin v26.7 - https:\/\/yoast.com\/wordpress\/plugins\/seo\/ -->\n<title>M\u00e9decin en gyn\u00e9cologie - CIDGE<\/title>\n<meta name=\"robots\" content=\"index, follow, max-snippet:-1, max-image-preview:large, max-video-preview:-1\" \/>\n<link rel=\"canonical\" href=\"http:\/\/cidge.ch\/?page_id=1149\" \/>\n<meta property=\"og:locale\" content=\"fr_FR\" \/>\n<meta property=\"og:type\" content=\"article\" \/>\n<meta property=\"og:title\" content=\"M\u00e9decin en gyn\u00e9cologie - CIDGE\" \/>\n<meta property=\"og:description\" content=\"La m\u00e9decin en gyn\u00e9cologie-obst\u00e9trique Docteur Christine Nicora La Doctoresse Christine NICORA est membre FMH, membre AMG, membre SGUM et\u00a0membre SSGO Sp\u00e9cialit\u00e9s Sp\u00e9cialiste FMH Gyn\u00e9co \u2013 Obst\u00e9triqueDipl\u00f4me inter universitaire europ\u00e9en d\u2019Echographie Gyn\u00e9co \u2013 Obst\u00e9triqueMembre de l\u2019ISUOG : International Society of Ultrasound &#8211; Obstetrics and GynecologyMembre de la SSUM : Soci\u00e9t\u00e9 Suisse d\u2019Ultrasons en M\u00e9decine Certificat d\u2019Etudes &hellip; M\u00e9decin en gyn\u00e9cologie Lire la suite\u00a0\u00bb\" \/>\n<meta property=\"og:url\" content=\"http:\/\/cidge.ch\/?page_id=1149\" \/>\n<meta property=\"og:site_name\" content=\"CIDGE\" \/>\n<meta property=\"article:modified_time\" content=\"2024-09-19T08:51:04+00:00\" \/>\n<meta property=\"og:image\" content=\"http:\/\/cidge.ch\/wp-content\/uploads\/2022\/08\/ch.ch-Copie-scaled.jpg\" \/>\n<meta name=\"twitter:card\" content=\"summary_large_image\" \/>\n<meta name=\"twitter:label1\" content=\"Dur\u00e9e de lecture estim\u00e9e\" \/>\n\t<meta name=\"twitter:data1\" content=\"2 minutes\" \/>\n<script type=\"application\/ld+json\" class=\"yoast-schema-graph\">{\"@context\":\"https:\/\/schema.org\",\"@graph\":[{\"@type\":\"WebPage\",\"@id\":\"http:\/\/cidge.ch\/?page_id=1149\",\"url\":\"http:\/\/cidge.ch\/?page_id=1149\",\"name\":\"M\u00e9decin en gyn\u00e9cologie - CIDGE\",\"isPartOf\":{\"@id\":\"https:\/\/cidge.ch\/#website\"},\"primaryImageOfPage\":{\"@id\":\"http:\/\/cidge.ch\/?page_id=1149#primaryimage\"},\"image\":{\"@id\":\"http:\/\/cidge.ch\/?page_id=1149#primaryimage\"},\"thumbnailUrl\":\"http:\/\/cidge.ch\/wp-content\/uploads\/2022\/08\/ch.ch-Copie-scaled.jpg\",\"datePublished\":\"2022-08-11T18:54:38+00:00\",\"dateModified\":\"2024-09-19T08:51:04+00:00\",\"breadcrumb\":{\"@id\":\"http:\/\/cidge.ch\/?page_id=1149#breadcrumb\"},\"inLanguage\":\"fr-FR\",\"potentialAction\":[{\"@type\":\"ReadAction\",\"target\":[\"http:\/\/cidge.ch\/?page_id=1149\"]}]},{\"@type\":\"ImageObject\",\"inLanguage\":\"fr-FR\",\"@id\":\"http:\/\/cidge.ch\/?page_id=1149#primaryimage\",\"url\":\"http:\/\/cidge.ch\/wp-content\/uploads\/2022\/08\/ch.ch-Copie-scaled.jpg\",\"contentUrl\":\"http:\/\/cidge.ch\/wp-content\/uploads\/2022\/08\/ch.ch-Copie-scaled.jpg\",\"width\":1704,\"height\":2560,\"caption\":\"????????????????????????????????????\"},{\"@type\":\"BreadcrumbList\",\"@id\":\"http:\/\/cidge.ch\/?page_id=1149#breadcrumb\",\"itemListElement\":[{\"@type\":\"ListItem\",\"position\":1,\"name\":\"Accueil\",\"item\":\"https:\/\/cidge.ch\/\"},{\"@type\":\"ListItem\",\"position\":2,\"name\":\"M\u00e9decin en gyn\u00e9cologie\"}]},{\"@type\":\"WebSite\",\"@id\":\"https:\/\/cidge.ch\/#website\",\"url\":\"https:\/\/cidge.ch\/\",\"name\":\"CIDGE\",\"description\":\"Les Cliniques du Seujet (Seujet+Rive)\",\"publisher\":{\"@id\":\"https:\/\/cidge.ch\/#organization\"},\"potentialAction\":[{\"@type\":\"SearchAction\",\"target\":{\"@type\":\"EntryPoint\",\"urlTemplate\":\"https:\/\/cidge.ch\/?s={search_term_string}\"},\"query-input\":{\"@type\":\"PropertyValueSpecification\",\"valueRequired\":true,\"valueName\":\"search_term_string\"}}],\"inLanguage\":\"fr-FR\"},{\"@type\":\"Organization\",\"@id\":\"https:\/\/cidge.ch\/#organization\",\"name\":\"CIDGE\",\"url\":\"https:\/\/cidge.ch\/\",\"logo\":{\"@type\":\"ImageObject\",\"inLanguage\":\"fr-FR\",\"@id\":\"https:\/\/cidge.ch\/#\/schema\/logo\/image\/\",\"url\":\"http:\/\/cidge.ch\/wp-content\/uploads\/2022\/08\/cropped-Sans-titre-1-4.png\",\"contentUrl\":\"http:\/\/cidge.ch\/wp-content\/uploads\/2022\/08\/cropped-Sans-titre-1-4.png\",\"width\":2478,\"height\":822,\"caption\":\"CIDGE\"},\"image\":{\"@id\":\"https:\/\/cidge.ch\/#\/schema\/logo\/image\/\"}}]}<\/script>\n<!-- \/ Yoast SEO plugin. -->","yoast_head_json":{"title":"M\u00e9decin en gyn\u00e9cologie - CIDGE","robots":{"index":"index","follow":"follow","max-snippet":"max-snippet:-1","max-image-preview":"max-image-preview:large","max-video-preview":"max-video-preview:-1"},"canonical":"http:\/\/cidge.ch\/?page_id=1149","og_locale":"fr_FR","og_type":"article","og_title":"M\u00e9decin en gyn\u00e9cologie - CIDGE","og_description":"La m\u00e9decin en gyn\u00e9cologie-obst\u00e9trique Docteur Christine Nicora La Doctoresse Christine NICORA est membre FMH, membre AMG, membre SGUM et\u00a0membre SSGO Sp\u00e9cialit\u00e9s Sp\u00e9cialiste FMH Gyn\u00e9co \u2013 Obst\u00e9triqueDipl\u00f4me inter universitaire europ\u00e9en d\u2019Echographie Gyn\u00e9co \u2013 Obst\u00e9triqueMembre de l\u2019ISUOG : International Society of Ultrasound &#8211; Obstetrics and GynecologyMembre de la SSUM : Soci\u00e9t\u00e9 Suisse d\u2019Ultrasons en M\u00e9decine Certificat d\u2019Etudes &hellip; M\u00e9decin en gyn\u00e9cologie Lire la suite\u00a0\u00bb","og_url":"http:\/\/cidge.ch\/?page_id=1149","og_site_name":"CIDGE","article_modified_time":"2024-09-19T08:51:04+00:00","og_image":[{"url":"http:\/\/cidge.ch\/wp-content\/uploads\/2022\/08\/ch.ch-Copie-scaled.jpg","type":"","width":"","height":""}],"twitter_card":"summary_large_image","twitter_misc":{"Dur\u00e9e de lecture estim\u00e9e":"2 minutes"},"schema":{"@context":"https:\/\/schema.org","@graph":[{"@type":"WebPage","@id":"http:\/\/cidge.ch\/?page_id=1149","url":"http:\/\/cidge.ch\/?page_id=1149","name":"M\u00e9decin en gyn\u00e9cologie - CIDGE","isPartOf":{"@id":"https:\/\/cidge.ch\/#website"},"primaryImageOfPage":{"@id":"http:\/\/cidge.ch\/?page_id=1149#primaryimage"},"image":{"@id":"http:\/\/cidge.ch\/?page_id=1149#primaryimage"},"thumbnailUrl":"http:\/\/cidge.ch\/wp-content\/uploads\/2022\/08\/ch.ch-Copie-scaled.jpg","datePublished":"2022-08-11T18:54:38+00:00","dateModified":"2024-09-19T08:51:04+00:00","breadcrumb":{"@id":"http:\/\/cidge.ch\/?page_id=1149#breadcrumb"},"inLanguage":"fr-FR","potentialAction":[{"@type":"ReadAction","target":["http:\/\/cidge.ch\/?page_id=1149"]}]},{"@type":"ImageObject","inLanguage":"fr-FR","@id":"http:\/\/cidge.ch\/?page_id=1149#primaryimage","url":"http:\/\/cidge.ch\/wp-content\/uploads\/2022\/08\/ch.ch-Copie-scaled.jpg","contentUrl":"http:\/\/cidge.ch\/wp-content\/uploads\/2022\/08\/ch.ch-Copie-scaled.jpg","width":1704,"height":2560,"caption":"????????????????????????????????????"},{"@type":"BreadcrumbList","@id":"http:\/\/cidge.ch\/?page_id=1149#breadcrumb","itemListElement":[{"@type":"ListItem","position":1,"name":"Accueil","item":"https:\/\/cidge.ch\/"},{"@type":"ListItem","position":2,"name":"M\u00e9decin en gyn\u00e9cologie"}]},{"@type":"WebSite","@id":"https:\/\/cidge.ch\/#website","url":"https:\/\/cidge.ch\/","name":"CIDGE","description":"Les Cliniques du Seujet (Seujet+Rive)","publisher":{"@id":"https:\/\/cidge.ch\/#organization"},"potentialAction":[{"@type":"SearchAction","target":{"@type":"EntryPoint","urlTemplate":"https:\/\/cidge.ch\/?s={search_term_string}"},"query-input":{"@type":"PropertyValueSpecification","valueRequired":true,"valueName":"search_term_string"}}],"inLanguage":"fr-FR"},{"@type":"Organization","@id":"https:\/\/cidge.ch\/#organization","name":"CIDGE","url":"https:\/\/cidge.ch\/","logo":{"@type":"ImageObject","inLanguage":"fr-FR","@id":"https:\/\/cidge.ch\/#\/schema\/logo\/image\/","url":"http:\/\/cidge.ch\/wp-content\/uploads\/2022\/08\/cropped-Sans-titre-1-4.png","contentUrl":"http:\/\/cidge.ch\/wp-content\/uploads\/2022\/08\/cropped-Sans-titre-1-4.png","width":2478,"height":822,"caption":"CIDGE"},"image":{"@id":"https:\/\/cidge.ch\/#\/schema\/logo\/image\/"}}]}},"_links":{"self":[{"href":"http:\/\/cidge.ch\/index.php?rest_route=\/wp\/v2\/pages\/1149","targetHints":{"allow":["GET"]}}],"collection":[{"href":"http:\/\/cidge.ch\/index.php?rest_route=\/wp\/v2\/pages"}],"about":[{"href":"http:\/\/cidge.ch\/index.php?rest_route=\/wp\/v2\/types\/page"}],"author":[{"embeddable":true,"href":"http:\/\/cidge.ch\/index.php?rest_route=\/wp\/v2\/users\/1"}],"replies":[{"embeddable":true,"href":"http:\/\/cidge.ch\/index.php?rest_route=%2Fwp%2Fv2%2Fcomments&post=1149"}],"version-history":[{"count":25,"href":"http:\/\/cidge.ch\/index.php?rest_route=\/wp\/v2\/pages\/1149\/revisions"}],"predecessor-version":[{"id":2474,"href":"http:\/\/cidge.ch\/index.php?rest_route=\/wp\/v2\/pages\/1149\/revisions\/2474"}],"wp:attachment":[{"href":"http:\/\/cidge.ch\/index.php?rest_route=%2Fwp%2Fv2%2Fmedia&parent=1149"}],"curies":[{"name":"wp","href":"https:\/\/api.w.org\/{rel}","templated":true}]}}